eatest common divisor of 5298 and 6.
6
What is the greatest common factor of 252 and 8232?
84
Calculate the highest common factor of 621 and 297.
27
What is the greatest common divisor of 8650 and 350?
50
Calculate the greatest common divisor of 897 and 17457.
69
Calculate the greatest common factor of 9550 and 30560.
1910
Calculate the greatest common divisor of 2867 and 1037.
61
Calculate the highest common divisor of 38924 and 296.
148
What is the greatest common factor of 1547845 and 65?
65
What is the greatest common divisor of 11 and 3813359?
11
What is the highest common factor of 2162 and 59708?
46
What is the greatest common divisor of 592 and 31080?
296
Calculate the highest common divisor of 17614312 and 136.
136
What is the greatest common divisor of 165422 and 7276?
214
What is the greatest common divisor of 108776 and 1336?
8
Calculate the greatest common factor of 14028 and 204.
12
Calculate the highest common divisor of 66250 and 848.
106
What is the greatest common factor of 27 and 251649?
9
Calculate the greatest common factor of 960 and 4530.
30
Calculate the greatest common divisor of 22724 and 8004.
92
What is the highest common factor of 6720 and 22560?
480
Calculate the greatest common factor of 80931 and 32576.
509
What is the highest common factor of 25552 and 32?
16
Calculate the greatest common divisor of 19 and 1187177.
19
Calculate the greatest common divisor of 22411 and 2763.
307
Calculate the greatest common factor of 3038 and 104713.
49
Calculate the highest common divisor of 55898 and 636943.
1471
What is the greatest common factor of 1184 and 68524?
148
What is the greatest common factor of 440966 and 2242?
118
What is the greatest common factor of 167231 and 267?
89
What is the greatest common factor of 581297 and 763?
109
Calculate the highest common factor of 1633468 and 76.
76
What is the highest common factor of 85424 and 29786?
562
Calculate the highest common factor of 42201 and 94301.
521
What is the highest common divisor of 60 and 110520?
60
Calculate the highest common divisor of 3998448 and 36.
36
Calculate the greatest common factor of 29351 and 126389.
599
What is the greatest common factor of 1 and 79038?
1
What is the greatest common divisor of 1112556 and 2484?
276
What is the highest common factor of 438500 and 500?
500
Calculate the highest common divisor of 28529 and 94.
47
Calculate the greatest common factor of 85704 and 36.
12
Calculate the greatest common divisor of 21413 and 170177.
1127
What is the highest common factor of 210600 and 52?
52
What is the highest common factor of 502810 and 490?
70
What is the highest common factor of 6487 and 176646?
499
Calculate the highest common divisor of 220 and 662046.
22
What is the greatest common divisor of 55 and 127941?
11
What is the highest common factor of 471177 and 1134?
567
What is the greatest common factor of 136200 and 960?
120
Calculate the greatest common divisor of 360 and 41280.
120
What is the greatest common divisor of 54938 and 572?
26
What is the highest common factor of 3702 and 42?
6
What is the greatest common factor of 102 and 1512?
6
Calculate the highest common factor of 464077 and 1556.
389
Calculate the greatest common divisor of 15486 and 12816.
534
What is the greatest common factor of 154 and 191818?
22
Calculate the greatest common divisor of 49180 and 2840.
20
Calculate the greatest common factor of 48545 and 1045.
95
Calculate the greatest common divisor of 492 and 48.
12
Calculate the highest common divisor of 122 and 214.
2
What is the greatest common divisor of 8192 and 64?
64
Calculate the greatest common divisor of 4240 and 405980.
1060
Calculate the greatest common divisor of 7206 and 18.
6
Calculate the greatest common divisor of 580271 and 37.
37
Calculate the greatest common divisor of 5 and 66295.
5
What is the greatest common factor of 29094 and 52?
26
Calculate the greatest common factor of 143900 and 100.
100
Calculate the greatest common factor of 64924 and 92.
4
Calculate the highest common divisor of 11429 and 1111.
11
What is the highest common divisor of 1790 and 368203?
179
What is the greatest common divisor of 118796 and 272?
68
What is the greatest common divisor of 112 and 3794?
14
What is the highest common divisor of 38 and 1730254?
38
Calculate the highest common factor of 72 and 11000.
8
What is the highest common factor of 295564 and 12?
4
Calculate the greatest common factor of 2916 and 6372.
108
Calculate the highest common divisor of 4 and 45842.
2
What is the greatest common factor of 11388 and 7644?
156
Calculate the greatest common divisor of 2 and 28306.
2
Calculate the highest common divisor of 3740 and 5060.
220
What is the greatest common divisor of 237 and 324453?
237
Calculate the highest common divisor of 865 and 7725.
5
What is the greatest common divisor of 2469 and 1092?
3
What is the highest common divisor of 388 and 2033896?
388
Calculate the highest common factor of 3059 and 17710.
161
What is the highest common divisor of 1352 and 144976?
104
What is the highest common divisor of 4844 and 5740?
28
What is the highest common divisor of 105 and 34671?
21
Calculate the highest common factor of 359 and 13.
1
Calculate the greatest common factor of 266866 and 9588.
1598
What is the greatest common factor of 154415 and 1335?
445
What is the greatest common divisor of 272 and 72692?
68
Calculate the highest common divisor of 647504 and 624.
208
Calculate the highest common factor of 2320 and 53476.
116
Calculate the greatest common factor of 24164 and 84.
28
Calculate the highest common factor of 275 and 1535.
5
What is the highest common divisor of 60 and 345815?
5
What is the highest common factor of 549 and 1125?
9
What is the highest common factor of 152 and 80408?
152
What is the highest common divisor of 110 and 7199280?
110
Calculate the greatest common factor of 816525 and 342.
171
What is the highest common factor of 78 and 2633943?
39
What is the greatest common factor of 1660232 and 966?
322
Calculate the greatest common factor of 29367 and 351.
117
Calculate the greatest common divisor of 14 and 358750.
14
What is the highest common divisor of 6306 and 14?
2
What is the highest common factor of 368 and 31556?
92
What is the highest common factor of 144099 and 486?
243
Calculate the greatest common divisor of 1704 and 48.
24
What is the greatest common divisor of 17251 and 26?
13
Calculate the highest common divisor of 322894 and 11.
11
What is the greatest common factor of 136 and 17700?
4
What is the greatest common factor of 824 and 367092?
412
What is the highest common factor of 3751 and 2299?
121
What is the highest common factor of 396 and 416900?
44
Calculate the greatest common factor of 120 and 73815.
15
Calculate the highest common factor of 371149 and 211.
211
Calculate the highest common factor of 662692 and 4.
4
What is the highest common factor of 186680 and 3231?
359
Calculate the highest common divisor of 33805 and 30.
5
Calculate the highest common factor of 78219 and 54.
27
Calculate the greatest common divisor of 1118 and 1892.
86
Calculate the greatest common factor of 414 and 337433.
23
What is the highest common divisor of 14409 and 1863?
9
What is the greatest common factor of 6 and 4702?
2
What is the greatest common divisor of 43977 and 15618?
411
Calculate the greatest common factor of 1228836 and 24.
12
What is the highest common factor of 15158 and 11583?
143
Calculate the highest common factor of 100 and 368.
4
Calculate the highest common divisor of 19909 and 135659.
463
What is the highest common divisor of 553 and 68256?
79
Calculate the highest common factor of 1301823 and 23.
23
Calculate the greatest common divisor of 13818 and 378.
42
Calculate the highest common divisor of 182743 and 12617.
407
Calculate the highest common factor of 5377 and 10471.
283
What is the highest common divisor of 108 and 3405456?
108
What is the highest common factor of 24459 and 33401?
263
Calculate the highest common factor of 59426 and 2.
2
Calculate the greatest common factor of 1213 and 27.
1
What is the highest common divisor of 32 and 1744128?
32
What is the highest common divisor of 2765 and 12005?
35
What is the highest common fact